0. Let x(i) be the second derivative of -i**3/6 - 3*i**2 + i. Give x(j).
-1
Let p(b) be the second derivative of b**4/12 - 3*b**2/2 - 2*b. What is p(-4)?
13
Let t(i) = i - 1. Let n(a) = -a + a**2 + 0*a - 3 - a. Let u be n(4). Calculate t(u).
4
Let g(s) be the second derivative of s**3/2 + s**2/2 + 17*s. What is g(1)?
4
Let c(v) be the second derivative of -v**3/6 + 2*v**2 + 15*v. Calculate c(9).
-5
Let p(l) = -l**3 + 5*l**2 - 2*l. Let g be -3 - (-1*6 + -2). Calculate p(g).
-10
Let g be (-5)/10*5*-2. Suppose 10 = g*w, 4*l - 5*w + 18 = -2*w. Let u(o) = -3*o - 3. Calculate u(l).
6
Suppose -4*t - 7 = 3*k, 8 = -2*t - 3*k - 3. Let q(a) = -a**t + 0*a**2 - 7 + a + 5. Let z be q(0). Let s(g) = -g**2 + 2*g + 2. Give s(z).
-6
Let h(b) = -4*b**2 + 1 + 6*b**2 + 3*b**2. Let t = 60 - 59. What is h(t)?
6
Suppose -3*w + 2 = -4. Let x(l) = -33 - 31 + 65 + 2*l. Give x(w).
5
Suppose 0 = -3*p - 4*u - 2 - 2, -2*p = 4*u. Let z(r) = -r**2 - 5*r - 2. What is z(p)?
2
Let n(m) be the second derivative of -1/20*m**5 - m + 2*m**2 + 0 - 5/12*m**4 + m**3. What is n(-6)?
4
Let t be 2 - 4/(12/9). Let b(s) be the first derivative of -s**3/3 + s**2/2 + s - 3. Give b(t).
-1
Let f(q) be the third derivative of q**7/168 - q**4/24 - q**3/2 - 2*q**2. Let x(j) be the first derivative of f(j). Suppose 2*r + 1 = 3*r. Give x(r).
4
Let s(r) = 7*r**2 + 10*r - 9. Let q(w) = -w - 5*w**2 + 6*w + 8*w**2 - 5. Let n(f) = -5*q(f) + 2*s(f). Calculate n(-5).
7
Let y(b) = -b - 7. Let n be y(-9). Let o(r) = 2*r - r**2 + r**3 - n - 2*r**3 + 5*r**2. Calculate o(4).
6
Let k(u) = u**3 - 5*u**2 - 6. Let c(o) = -16*o**3 + o. Let b be c(-1). Suppose -b = -5*v + 10. Give k(v).
-6
Let a(v) = v**3 + 5*v**2 - 6*v + 6. Suppose o - 4*o = 18. Let p be a(o). Let b(j) = 2*j - 9. Calculate b(p).
3
Let z = -4 + 2. Let k(s) = -5*s - 2. Let f be k(z). Suppose 0 = -2*g - f + 2. Let o(d) = d**2 + 3*d - 4. What is o(g)?
-4
Let j = 10 + -14. Let o(k) = 5*k**2 - 1. Let g(h) = 1 + 1 - h - 29*h**2 + 15*h**2. Let y(s) = 4*g(s) + 11*o(s). Give y(j).
-3
Let q(k) = -k. Let b(o) be the second derivative of -o**3/3 + 3*o**2 - 4*o. Let y(s) = b(s) - 3*q(s). Calculate y(-6).
0
Let n(s) = s. Let y(l) = -11*l - 7. Let p(g) = 4*n(g) + y(g). Let i(w) = 7*w + 8. Let d(x) = -6*i(x) - 7*p(x). Determine d(-1).
-6
Let g(q) = -1 - 4*q + 1. Let f(o) = 6*o - 3*o + 0*o. Let x(z) = 5*f(z) + 4*g(z). Calculate x(-4).
4
Let d(n) = -13*n + 1. Let h(f) = -f. Let s(l) = -d(l) + 6*h(l). Let b be s(1). Let a(c) = c**3 - 5*c**2 - 4*c - 3. Calculate a(b).
9
Let v(d) = -15*d**2 + 2*d + 1. Let i(y) = 6*y + 11. Let c be i(-2). Calculate v(c).
-16
Let y be ((-1)/3 + 4/(-6))*-1. Let w(r) = 5*r**3 + 2*r**2 - r. Determine w(y).
6
Let c(s) be the second derivative of 7*s**4/12 - s**3/6 - s**2/2 + 13*s. Let k = -3 + 2. Calculate c(k).
7
Let x = -15 + 25. Suppose 2*f - 2*j + 9 = -f, -5*f - x = -5*j. Let b(z) = 5*z**2 + 9*z + 2. Let g(d) = -d**2 - d + 1. Let u(v) = -b(v) - 4*g(v). Give u(f).
-6
Let r(i) be the second derivative of -i**5/20 - 5*i**4/12 - 5*i**3/6 + 2*i**2 + 2*i. What is r(-4)?
8
Let g = 1 - -1. Let x(i) = i + 3*i + 4*i**g - i**3 + 3*i - 2*i + 5. Determine x(5).
5
Let x(j) = -j**3 + j**2 + 4*j + 1. Let d = 21 + -18. Give x(d).
-5
Let y be 1*(3*-4)/(-4). Let p(q) = q - 8 - y*q + 0*q - 2*q. What is p(-6)?
16
Let k(n) be the first derivative of n**2/2 + 9*n + 1. Determine k(-7).
2
Let l(h) be the first derivative of 5*h**2 - h - 1. Give l(-1).
-11
Suppose -5*v = -2*q + 3 - 16, -5*q = -5*v + 10. Let x = 13 + -9. Let r(l) = 3*l**2 - 2*l - 3. Let f(g) = -g**2 + 1. Let k(u) = x*f(u) + r(u). Give k(q).
-2
Let n(z) = 7*z**3 - 14*z**2 + 14*z - 8. Let k(d) = 10*d**3 - 21*d**2 + 21*d - 12. Let p(j) = 5*k(j) - 7*n(j). Calculate p(6).
2
Let k = 6 - 4. Let h(f) = k*f**2 - 2*f**2 + 3*f**2. Let p(a) = a - 1. Let o be p(2). What is h(o)?
3
Let d(p) = -4*p**2 + 2*p + 1. Let w(c) = -2*c**2 - 25*c - 18. Let m(u) = -u**2 - 12*u - 9. Let j(x) = 13*m(x) - 6*w(x). Let q be j(-4). Calculate d(q).
-5
Suppose -57 = -y - 54. Let c(j) = 2*j**2 - 4*j - 1. What is c(y)?
5
Let o(j) = -4*j**2 - j - 1 + 0 - 16*j**3 + 2*j + 3*j**2. What is o(1)?
-17
Let s be 5/10*4/2. Let b = 1 + s. Let w(z) = -2*z**2 - z**b + 2*z - 3*z. Calculate w(-1).
-2
Let a = -1 - 3. Suppose 24 = -3*p + 2*p + 5*b, 3*p + 3*b = 18. Let k(y) = 0 + y + 0*y + p. Calculate k(a).
-3
Let k(u) = 3*u**3. Let x = 141 - 142. What is k(x)?
-3
Suppose 0*n + 8 = 2*z - 2*n, -5*z - 4*n + 2 = 0. Suppose z*m + 6 = 2*t, 4*m - 7 = t - 1. Let x(u) = -u**2 + 6*u + 2. Determine x(t).
2
Let c(k) = -k**2 - 6*k - 2. Let z be c(-3). Let a = z + -3. Let w(u) = -2*u - u - a*u. Calculate w(-1).
7
Let d(w) = w**3 - 3*w**2 + w + 2. Let r be d(3). Let x(u) = r*u - 3 + 4 - u**3 - 2*u**2 + 2. Determine x(-3).
-3
Let v(x) = x**2 - 7*x. Suppose 0 = 57*c - 52*c - 25. Determine v(c).
-10
Let g(k) be the third derivative of -k**7/1680 - k**6/90 + k**5/20 + k**2. Let h(n) be the third derivative of g(n). What is h(-6)?
10
Let g be (6/12)/((1 + 0)/2). Let i(o) = o**3 + o**2 + o - 1. Calculate i(g).
2
Let a = 3 - 4. Let j(f) be the third derivative of -7*f**5/120 - f**3/3 - 5*f**2. Let z(w) be the first derivative of j(w). Give z(a).
7
Let m(h) = -h**2 + 5*h + 7. Let j(u) = 5*u**2 - 26*u - 36. Let p(o) = -2*j(o) - 11*m(o). Give p(6).
13
Suppose -u = 4*u - 25. Let w be 6/(-2)*(-10 + 9). Let q(j) = j**2 + 1 - 2 - 5*j - 1 + w. Calculate q(u).
1
Let i be 6/(-4) - (-7)/14. Let y(p) = -6*p**2 - 2*p + 2. Let f(s) = 6*s**2 + 2*s - 3. Let q(g) = 3*f(g) + 4*y(g). Calculate q(i).
-5
Let u(d) = -7*d**2 - d - 1. Let l(y) = 4*y**2 + 9*y - 3. Let n(o) = 5*o**2 + 10*o - 2. Let h(f) = -4*l(f) + 3*n(f). Let b be h(-7). Give u(b).
-7
Let q = -3 + 2. Let x(j) = 23*j**2 + 13*j + 9. Let i(z) = 6*z**2 + 3*z + 2. Let c(b) = 9*i(b) - 2*x(b). Calculate c(q).
7
Let q(g) = -g**3 + 4. Let i be q(0). Let x be ((-6)/i)/(1/(-2)). Suppose x*d = 6*d - 6. Let j(w) = -w - 2. Determine j(d).
-4
Let s(q) = -16*q - 6. Let x(f) = 5*f + 2. Let p(j) = 3*s(j) + 10*x(j). Determine p(-3).
-4
Let j(x) = -x**3 + 4*x**2 + 2*x - 5. Let s = 13 - 9. Calculate j(s).
3
Let h = 12 - 6. Let b(j) = j - 4. Give b(h).
2
Let i(h) = -2*h**2 + 0*h - 3*h + 3 + h**2. Let n = 70 - 74. Calculate i(n).
-1
Let p(f) = -f**3 + 2*f**2 + 2*f - 1. Suppose -10 = -3*b - u, -2*b + 4*u + 4 = 2*u. Determine p(b).
-4
Let y(m) = m**3 + 7*m**2 + 7*m + 6. Suppose 4*q + 16 = -8. Let x be y(q). Let g(f) = 8 + 0*f + f**2 + x*f - 5*f - 1. What is g(5)?
7
Suppose -3*o = 3*z, -2*o - z + 5 = 2*z. Let k(l) be the second derivative of l**4/12 + l**3/2 - 7*l**2/2 + 121*l. What is k(o)?
3
Let h(g) = -g - 5. Let z = 2 + -5. Let t = z + 3. Calculate h(t).
-5
Let h(i) be the first derivative of -1/6*i**3 - 1/2*i**2 + 0*i - 2 + 1/3*i**4. Let q(t) be the second derivative of h(t). Determine q(-1).
-9
Let a(s) = -11*s**2 + 21*s. Let w(g) = -4*g**2 + 7*g. Let k(b) = -3*a(b) + 8*w(b). Calculate k(7).
0
Let f(d) = d**3 - 2*d - 1. Let u be 2 + 2*-1 - -1. Let n(l) = -4 + l + 6 - u. Let q be n(-2). Calculate f(q).
0
Let d = -3 + 8. Let p = d - 4. Let r(v) = -9*v**2 - 4*v + 3. Let u(o) = 10*o**2 + 5*o - 4. Let b(n) = -5*r(n) - 4*u(n). Give b(p).
6
Let h(n) = 0*n - n - n. Suppose -2078 = 5*q - 2083. Determine h(q).
-2
Let k(c) = 1 - 15 + c + 10. Determine k(6).
2
Let f(v) be the first derivative of 7*v**2/2 + 12. Determine f(1).
7
Let p(q) = q. Let u(x) = -6*x. Let o(d) = -4*p(d) - u(d). Determine o(-4).
-8
Let t(k) = k + 4. Let v(s) = -2*s + 1. Suppose 0*h + 6 = 3*h. Let u be v(h). Let y be t(u). Let d(b) = 2*b**3 - 2*b**2 + 1. What is d(y)?
1
Let k(g) = -g - 6. Let d be k(-10). Suppose 6*u = 5*t + 3*u - 18, 0 = d*t + 3*u - 9. Let x(w) = 0*w**2 - t*w**2 + 5*w - 2*w**2 - 2 + 4*w**2. What is x(5)?
-2
Let n(s) = s**2 + 6*s - 2. Suppose -5 = m - 5*f, -3*m + 4*f = m - 44. Let k = 10 - m. What is n(k)?
-7
Let s(f) = -2*f + 1 - 4 - f - 6*f**2 + 5*f**2. Suppose 5*r - 16 = -l, -l - 4*r = -2*l - 20. Calculate s(l).
-7
Let d(w) = -w**3 + 3*w**2 - 3*w + 2. Suppose 5*u - 144 = -134. Calculate d(u).
0
Let p(v) be the second derivative of -v**4/12 + 2*v**3/3 - v**2 - v. Suppose -4*i - 4 = 0, -4*i - 16 = -3*j - 0*j. Determine p(j).
-2
Let n(j) = -j**2 + 5*j - 3. Let r be n(4). Let m(q) = 10*q**3 + q**2 + q - 1. Calculate m(r).
11
Let l(f) = 2*f + 1. Let w be l(1). Suppose 